 + -533. What is the greatest common divisor of 20 and v?
20
Suppose -3*s + 55 = 2*s. Let h = s + 108. Let d = h + -80. Calculate the highest common factor of 13 and d.
13
Let v(a) = a**2 - 98. Let y be v(-10). Let d be (136/16 - 4)*(y - -2). Calculate the greatest common divisor of d and 2.
2
Let h = 1102 + -590. What is the highest common factor of 160 and h?
32
Suppose -26520 = -2*s - 3*n, -454*s = -459*s + 4*n + 66300. What is the greatest common divisor of 306 and s?
102
Suppose 4*h = -5*o - 1 + 8, -5*h = 5*o - 10. Let i be h*1/2 - (-3176)/16. Calculate the greatest common divisor of 50 and i.
50
Let u = -290 + 293. Calculate the highest common divisor of u and 34.
1
Suppose 4*s = -82*w + 85*w - 20, -5*w = -s - 39. Suppose -17 = -3*h - 4*q, 0 = 3*h - 4*q - q - 53. Calculate the greatest common factor of s and h.
1
Suppose 4*z - 685 = -25. What is the highest common divisor of z and 60?
15
Suppose 2*z = -5*i - 16, -2*i + 2 = 4*z + z. Suppose -z*t - 2*t = 3*w + 108, -3*w = -4*t + 84. Let y = w + 43. What is the highest common factor of 1 and y?
1
Let c = 23 + 1. Suppose -2*z - 3*w + 296 = 108, 5*z - 448 = -2*w. Calculate the highest common divisor of c and z.
8
Let k(d) = 11*d - 27. Let n be k(-12). Let s = 1 - n. Suppose -8*p = 2*l - 4*p - s, -4*l + 270 = -2*p. Calculate the highest common divisor of l and 14.
14
Suppose 63*h - 97*h = 91*h - 670375. What is the greatest common divisor of h and 31?
31
Suppose 4*i + 4*q = 264, 50 + 8 = i - q. Suppose -i - 34 = -2*g. Calculate the greatest common factor of g and 42.
6
Suppose 211919 + 95572 = 28*w + 583. What is the greatest common divisor of 339 and w?
113
Let j be (-143754)/(-152) - (-1)/4. Let t = j - 354. Calculate the highest common divisor of 74 and t.
74
Let y = 51 + -173. Let s = -106 - y. Calculate the highest common factor of 128 and s.
16
Suppose 0 = -8*o - 62*o + 70140. What is the highest common factor of 6 and o?
6
Let k(q) = -668*q + 10 + 1343*q + 11*q**2 - 664*q. Let h be k(-2). What is the highest common divisor of 928 and h?
32
Suppose -4*m - 74 + 704 = 2*n, -5*m + 1272 = 4*n. Let a be (0 - -19)/((-15)/(-15)). Calculate the highest common divisor of n and a.
19
Let m(g) = g**3 - g**2 + 124 - 239 + 128 + g. Let s be m(3). What is the highest common factor of s and 374?
34
Suppose -b - 3*r + 5 = -13, 3*b - 4*r = -11. Suppose -b*u + 23 + 22 = 0. Calculate the highest common factor of u and 10.
5
Let i = -181 + 187. Let g be (i/(-5))/((-6)/200*2). Calculate the greatest common divisor of 380 and g.
20
Let w = -2226 + 2232. Let t be (800/48)/((-2)/(-18)). Calculate the greatest common divisor of w and t.
6
Suppose -3*p + 330 = 5*o - 50, -3*p - 6*o = -384. What is the greatest common factor of 150 and p?
30
Let v be (-222)/370 + 103/5. Suppose v*b - 415 = -35. What is the greatest common factor of 19 and b?
19
Suppose -16*g = -5*g - 660. Let s be (-10)/g*5/(5/(-6)). Let f be 57/(s/((-3)/(-9))). What is the greatest common factor of 209 and f?
19
Suppose 49*s + 9270 = 64*s. Let u = 630 - s. Calculate the greatest common divisor of 192 and u.
12
Let q(x) = -2061*x + 48. Let y be q(16). Let i be y/(-280) - (-6)/(-10). What is the highest common divisor of i and 13?
13
Let n = -6 + 12. Let u = 64 + -1184. Let j be (-4)/(-6) + u/(-210). What is the highest common divisor of j and n?
6
Suppose -4*l - 1436 = -5*i, 12*l - 11*l + 1151 = 4*i. What is the greatest common factor of i and 2528?
32
Let b(s) = 15*s**2 - 28*s - 35. Let k be b(-2). Calculate the highest common divisor of 7425 and k.
27
Let p(a) = -2*a + 3. Let q = 23 + -21. Let n be p(q). Let c be 6 - (-4 - -7)*n. Calculate the greatest common divisor of 27 and c.
9
Let f(j) = 46*j**2 - 154*j - 1520. Let s be f(-12). What is the greatest common divisor of 79 and s?
79
Suppose 21*u - 217 = 18*u + 4*g, -4*g = -8. What is the highest common divisor of 275 and u?
25
Suppose 4*f + 335 - 1039 = 0. Let d = -18865 - -18887. Calculate the highest common divisor of f and d.
22
Let o = -314 + 215. Let a = 181 - o. Calculate the greatest common divisor of a and 35.
35
Let i be 8445808/949 + (-8)/(-26). What is the greatest common divisor of 200 and i?
100
Let d = -4 - -16. Suppose 0 = 5*y + 6*c - 3*c, 0 = 5*y - c. Suppose -5*i + b + 961 = y, 2*b - 4*b = -i + 194. What is the greatest common factor of d and i?
12
Let b(l) = l**3 + 11*l**2 + 12 + 4*l**2 + 2*l**2. Let x be b(-17). Let m be (15/2 - -1) + x/8. Calculate the greatest common divisor of 15 and m.
5
Suppose 4*f = -3*f + 63. Suppose 236 = f*l - 3697. Calculate the highest common divisor of l and 19.
19
Let d(f) = -8*f - 265. Let v be d(-44). What is the greatest common divisor of v and 783?
87
Let y(x) = -x**3 + 6*x**2 - 3*x + 27. Let w be y(6). Let a be 3*(-4)/12*-153. What is the greatest common factor of a and w?
9
Let k(n) = -2*n**2 - 25*n - 50. Let s be k(-10). Suppose -x + 229 - 20 = s. What is the highest common divisor of x and 22?
11
Let u be 2/(-2) - (1 + -33). Let a be 5*2*(-74)/(-148). Suppose -4*k = a*r - 1364, k - 3*r + 1364 = 5*k. Calculate the highest common divisor of k and u.
31
Let r(h) = -2*h**2 - 85*h + 171. Let v be r(-44). What is the greatest common factor of v and 3939?
39
Let m be (88 + 2 - -2)/((-8)/(-76)). Let w be -8*(-230)/(-16)*(-12)/60. What is the greatest common factor of m and w?
23
Suppose -y = -56 - 54. Suppose 0*w - 3*w = 2*f + 23, 5*w - 5*f = -30. Let b be (w - 3)*((-9 - -4) + 4). What is the highest common divisor of b and y?
10
Let d = 8778 + -8514. Calculate the greatest common factor of d and 4032.
24
Let w be (-390)/585 - (20/(-3) - 1). Suppose 0 = 7*x - 91 + w. What is the greatest common divisor of x and 16?
4
Let b be (-47)/(-8*(-1)/(-136)). Calculate the greatest common factor of 1081 and b.
47
Let s(u) = u + 12. Let c be s(-9). Suppose 3*k + 2*l - 497 = 0, -44 = -4*k - c*l + 619. What is the highest common divisor of k and 132?
33
Let b(m) be the first derivative of -m**3/3 + 4*m**2 - 9*m + 3. Let x be b(4). Let s be (3/9)/(x/294). What is the highest common factor of s and 70?
14
Suppose 4*t = g - 88 - 190, -3*t - 1138 = -4*g. Calculate the highest common factor of g and 1859.
143
Suppose 4*i + 9 = 5*p - 16, 26 = p - 5*i. Let d(x) = x + 12. Let r be 2 + 0 + -2 + -10. Let k be d(r). What is the greatest common divisor of k and p?
1
Let r(q) = 105*q - 1010. Let c be r(22). Let v = 123 - 58. Calculate the greatest common factor of v and c.
65
Let p = -2125 - -2134. Suppose 8*v = 5236 + 1532. Calculate the highest common divisor of p and v.
9
Let d = 149 + -100. Suppose 6253 - 2916 = 564*l - 12455. Calculate the greatest common divisor of l and d.
7
Let x(a) = 27817*a + 343. Let u be x(1). What is the greatest common factor of 110 and u?
110
Let y = -10745 - -14283. What is the greatest common divisor of 406 and y?
58
Suppose p = 6, -16*y - 78 = -19*y - 2*p. Let x = -78 + 111. Calculate the highest common divisor of y and x.
11
Suppose -2*t - 3*t + 81012 = 7*t. Calculate the greatest common divisor of 215 and t.
43
Suppose -2*a - 15*i + 12*i = -157, 5*i + 281 = 4*a. Suppose 0 = -4*q - 5*v + 587, -3*v = -4*q - q + 743. What is the greatest common divisor of q and a?
74
Let o be 82/10*1 + 56/(-280). Let b(j) = j**3 - 9*j**2 + 10*j - 12. Let q be b(o). What is the highest common divisor of 12 and q?
4
Suppose 5*h + f - 20 = 0, h - 2*f = -5*f - 10. Suppose -h*n = -2*n - 174. Let j = -30 + n. Calculate the greatest common factor of 7 and j.
7
Let d be (-4578)/1635*1340/(-2). Calculate the highest common factor of 84 and d.
28
Suppose 23 = 9*i - 4. Suppose y + i*j = -5 + 2, -17 = -3*y + 4*j. Let u be (-9)/(-6)*(33 + y). What is the highest common divisor of 6 and u?
6
Let p be (439382/442 - 37) + 1/(-13). Calculate the highest common factor of p and 1392.
87
Suppose -8*p + 5520 = -5216. Calculate the highest common factor of p and 244.
122
Let f(l) = -l**3 + 3*l**2 + 2*l + 6. Let d be f(4). Let j(b) = -8*b**3 - 3*b**2 + 8*b + 16. Let m be j(d). Calculate the highest common factor of m and 182.
26
Suppose 4*t = 9*j - 14*j + 15, 5*j - 15 = 2*t. Let h(k) = k + 9*k + 2*k + 3. Let b be h(j). Calculate the highest common divisor of 91 and b.
13
Let a = 11282 - 11037. Calculate the greatest common factor of a and 490.
245
Suppose 5*w + 885 = 5*h, -